{"id":62,"date":"2017-04-05T15:55:21","date_gmt":"2017-04-05T15:55:21","guid":{"rendered":"http:\/\/www.evoracathedral.com\/?page_id=62"},"modified":"2026-01-16T16:31:42","modified_gmt":"2026-01-16T16:31:42","slug":"arquivo","status":"publish","type":"page","link":"https:\/\/www.evoracathedral.com\/index.php\/arquivo\/","title":{"rendered":"Arquivo"},"content":{"rendered":"<p><\/p>\n<p style=\"text-align: center;\"><span style=\"font-size: 14pt;\">O Arquivo do Cabido integra um valioso acervo, relativo \u00e0 vida do Cabido desde o s\u00e9c. XIII at\u00e9 ao s\u00e9c. XX e \u00e0 vida da Escola de M\u00fasica, com produ\u00e7\u00e3o musical de diversos mestres entre os s\u00e9c. XVI e XIX.<\/span><\/p>\n<p style=\"text-align: center;\">Para aceder ao Arquivo \u00e9 necess\u00e1rio preencher o seguinte formul\u00e1rio online ou imprimir o formul\u00e1rio.pdf e enviar para o nosso endere\u00e7o.<\/p>\n<p style=\"text-align: center;\">[FORMULARIO]<\/p>\n<p style=\"text-align: left;\">[DOWNLOAD]<\/p>\n<p><div id=\"attachment_417\" style=\"width: 570px\" class=\"wp-caption aligncenter\"><img loading=\"lazy\" decoding=\"async\" aria-describedby=\"caption-attachment-417\" class=\"size-full wp-image-417\" src=\"http:\/\/www.evoracathedral.com\/wp-content\/uploads\/2017\/04\/Body_Arquivo-1.jpg\" alt=\"\" width=\"560\" height=\"743\" srcset=\"https:\/\/www.evoracathedral.com\/wp-content\/uploads\/2017\/04\/Body_Arquivo-1.jpg 560w, https:\/\/www.evoracathedral.com\/wp-content\/uploads\/2017\/04\/Body_Arquivo-1-226x300.jpg 226w\" sizes=\"auto, (max-width: 560px) 100vw, 560px\" \/><p id=\"caption-attachment-417\" class=\"wp-caption-text\">Folha de rosto de Livro de Horas<\/p><\/div><\/p>","protected":false},"excerpt":{"rendered":"<p>O Arquivo do Cabido integra um valioso acervo, relativo \u00e0 vida do Cabido desde o s\u00e9c. XIII at\u00e9 ao s\u00e9c. XX e \u00e0 vida da Escola de M\u00fasica, com produ\u00e7\u00e3o musical de diversos mestres entre os s\u00e9c. XVI e XIX. Para aceder ao Arquivo \u00e9 necess\u00e1rio preencher o seguinte formul\u00e1rio online ou imprimir o formul\u00e1rio.pdf [&hellip;]<\/p>\n","protected":false},"author":1,"featured_media":247,"parent":0,"menu_order":9,"comment_status":"closed","ping_status":"closed","template":"","meta":{"footnotes":""},"class_list":["post-62","page","type-page","status-publish","has-post-thumbnail","hentry"],"_links":{"self":[{"href":"https:\/\/www.evoracathedral.com\/index.php\/wp-json\/wp\/v2\/pages\/62","targetHints":{"allow":["GET"]}}],"collection":[{"href":"https:\/\/www.evoracathedral.com\/index.php\/wp-json\/wp\/v2\/pages"}],"about":[{"href":"https:\/\/www.evoracathedral.com\/index.php\/wp-json\/wp\/v2\/types\/page"}],"author":[{"embeddable":true,"href":"https:\/\/www.evoracathedral.com\/index.php\/wp-json\/wp\/v2\/users\/1"}],"replies":[{"embeddable":true,"href":"https:\/\/www.evoracathedral.com\/index.php\/wp-json\/wp\/v2\/comments?post=62"}],"version-history":[{"count":44,"href":"https:\/\/www.evoracathedral.com\/index.php\/wp-json\/wp\/v2\/pages\/62\/revisions"}],"predecessor-version":[{"id":836,"href":"https:\/\/www.evoracathedral.com\/index.php\/wp-json\/wp\/v2\/pages\/62\/revisions\/836"}],"wp:featuredmedia":[{"embeddable":true,"href":"https:\/\/www.evoracathedral.com\/index.php\/wp-json\/wp\/v2\/media\/247"}],"wp:attachment":[{"href":"https:\/\/www.evoracathedral.com\/index.php\/wp-json\/wp\/v2\/media?parent=62"}],"curies":[{"name":"wp","href":"https:\/\/api.w.org\/{rel}","templated":true}]}}