{"id":9,"date":"2017-04-05T15:45:38","date_gmt":"2017-04-05T15:45:38","guid":{"rendered":"http:\/\/www.evoracathedral.com\/?page_id=9"},"modified":"2026-02-27T10:31:30","modified_gmt":"2026-02-27T10:31:30","slug":"vista-panoramica","status":"publish","type":"page","link":"https:\/\/www.evoracathedral.com\/","title":{"rendered":"Vista Panor\u00e2mica"},"content":{"rendered":"<p><\/p>\n<p style=\"text-align: center;\">O terra\u00e7o da Catedral \u00e9 o ponto mais alto da cidade. Da\u00ed se avista toda a cidade, seja a cidade hist\u00f3rica dentro das muralhas, com todo o seu patrim\u00f3nio, seja a cidade nova constitu\u00edda por v\u00e1rios bairros em toda a volta. Al\u00e9m disso, h\u00e1 um vasto horizonte em que pode ver-se a extensa plan\u00edcie e algumas localidades hist\u00f3ricas, como Arraiolos, Evoramonte e nos limites as Serras de Ossa, a norte e a de Portel, a Sul. Uma visita obrigat\u00f3ria para se conhecer bem a cidade de \u00c9vora.<\/p>\n<p style=\"text-align: center;\">[QUADRADO VERMELHO]<\/p>\n<p><\/p>","protected":false},"excerpt":{"rendered":"<p>O terra\u00e7o da Catedral \u00e9 o ponto mais alto da cidade. Da\u00ed se avista toda a cidade, seja a cidade hist\u00f3rica dentro das muralhas, com todo o seu patrim\u00f3nio, seja a cidade nova constitu\u00edda por v\u00e1rios bairros em toda a volta. Al\u00e9m disso, h\u00e1 um vasto horizonte em que pode ver-se a extensa plan\u00edcie e [&hellip;]<\/p>\n","protected":false},"author":1,"featured_media":708,"parent":0,"menu_order":0,"comment_status":"closed","ping_status":"closed","template":"","meta":{"footnotes":""},"class_list":["post-9","page","type-page","status-publish","has-post-thumbnail","hentry"],"_links":{"self":[{"href":"https:\/\/www.evoracathedral.com\/index.php\/wp-json\/wp\/v2\/pages\/9","targetHints":{"allow":["GET"]}}],"collection":[{"href":"https:\/\/www.evoracathedral.com\/index.php\/wp-json\/wp\/v2\/pages"}],"about":[{"href":"https:\/\/www.evoracathedral.com\/index.php\/wp-json\/wp\/v2\/types\/page"}],"author":[{"embeddable":true,"href":"https:\/\/www.evoracathedral.com\/index.php\/wp-json\/wp\/v2\/users\/1"}],"replies":[{"embeddable":true,"href":"https:\/\/www.evoracathedral.com\/index.php\/wp-json\/wp\/v2\/comments?post=9"}],"version-history":[{"count":7,"href":"https:\/\/www.evoracathedral.com\/index.php\/wp-json\/wp\/v2\/pages\/9\/revisions"}],"predecessor-version":[{"id":1120,"href":"https:\/\/www.evoracathedral.com\/index.php\/wp-json\/wp\/v2\/pages\/9\/revisions\/1120"}],"wp:featuredmedia":[{"embeddable":true,"href":"https:\/\/www.evoracathedral.com\/index.php\/wp-json\/wp\/v2\/media\/708"}],"wp:attachment":[{"href":"https:\/\/www.evoracathedral.com\/index.php\/wp-json\/wp\/v2\/media?parent=9"}],"curies":[{"name":"wp","href":"https:\/\/api.w.org\/{rel}","templated":true}]}}